{"id":66,"date":"2015-03-21T00:21:56","date_gmt":"2015-03-20T23:21:56","guid":{"rendered":"http:\/\/www.ni156007_2.vweb11.nitrado.net\/wordpress\/?page_id=66"},"modified":"2015-03-23T17:54:17","modified_gmt":"2015-03-23T16:54:17","slug":"rhenus-luenen","status":"publish","type":"page","link":"https:\/\/www.binnenschiffsmodelle.de\/?page_id=66","title":{"rendered":"Rhenus L\u00fcnen"},"content":{"rendered":"<p>Rhenus L\u00fcnen 1:100<\/p>\n<p>&nbsp;<\/p>\n<p>Mit Kohle oder Container.<\/p>\n<p>Gr\u00f6\u00dfe:<\/p>\n<p>Original: (Mit Leichter) 186m x 11,40m<\/p>\n<p>Modell: 1,86m x 11,40cm<\/p>\n<p>&nbsp;<\/p>\n<p><strong>ngg_shortcode_0_placeholder<\/strong><\/p>\n<p>&nbsp;<\/p>\n","protected":false},"excerpt":{"rendered":"<p>Rhenus L\u00fcnen 1:100 &nbsp; Mit Kohle oder Container. Gr\u00f6\u00dfe: Original: (Mit Leichter) 186m x 11,40m Modell: 1,86m x 11,40cm &nbsp; &nbsp;<\/p>\n","protected":false},"author":1,"featured_media":0,"parent":64,"menu_order":0,"comment_status":"closed","ping_status":"closed","template":"","meta":{"ngg_post_thumbnail":0},"_links":{"self":[{"href":"https:\/\/www.binnenschiffsmodelle.de\/index.php?rest_route=\/wp\/v2\/pages\/66"}],"collection":[{"href":"https:\/\/www.binnenschiffsmodelle.de\/index.php?rest_route=\/wp\/v2\/pages"}],"about":[{"href":"https:\/\/www.binnenschiffsmodelle.de\/index.php?rest_route=\/wp\/v2\/types\/page"}],"author":[{"embeddable":true,"href":"https:\/\/www.binnenschiffsmodelle.de\/index.php?rest_route=\/wp\/v2\/users\/1"}],"replies":[{"embeddable":true,"href":"https:\/\/www.binnenschiffsmodelle.de\/index.php?rest_route=%2Fwp%2Fv2%2Fcomments&post=66"}],"version-history":[{"count":3,"href":"https:\/\/www.binnenschiffsmodelle.de\/index.php?rest_route=\/wp\/v2\/pages\/66\/revisions"}],"predecessor-version":[{"id":210,"href":"https:\/\/www.binnenschiffsmodelle.de\/index.php?rest_route=\/wp\/v2\/pages\/66\/revisions\/210"}],"up":[{"embeddable":true,"href":"https:\/\/www.binnenschiffsmodelle.de\/index.php?rest_route=\/wp\/v2\/pages\/64"}],"wp:attachment":[{"href":"https:\/\/www.binnenschiffsmodelle.de\/index.php?rest_route=%2Fwp%2Fv2%2Fmedia&parent=66"}],"curies":[{"name":"wp","href":"https:\/\/api.w.org\/{rel}","templated":true}]}}